{"id":3653,"date":"2019-01-18T19:51:18","date_gmt":"2019-01-18T19:51:18","guid":{"rendered":"https:\/\/site2.ombudsman.hr\/?page_id=3653"},"modified":"2025-09-17T12:34:19","modified_gmt":"2025-09-17T10:34:19","slug":"uredsko-poslovanje","status":"publish","type":"page","link":"https:\/\/www.ombudsman.hr\/hr\/uredsko-poslovanje\/","title":{"rendered":"Uredsko poslovanje"},"content":{"rendered":"\t\t<div data-elementor-type=\"wp-page\" data-elementor-id=\"3653\" class=\"elementor elementor-3653\" data-elementor-post-type=\"page\">\n\t\t\t\t\t\t<section class=\"elementor-section elementor-top-section elementor-element elementor-element-b554d8d elementor-section-height-min-height elementor-section-boxed elementor-section-height-default elementor-section-items-middle\" data-id=\"b554d8d\" data-element_type=\"section\" data-e-type=\"section\" data-settings=\"{&quot;background_background&quot;:&quot;classic&quot;}\">\n\t\t\t\t\t\t<div class=\"elementor-container elementor-column-gap-default\">\n\t\t\t\t\t<div class=\"elementor-column elementor-col-100 elementor-top-column elementor-element elementor-element-9c5740a\" data-id=\"9c5740a\" data-element_type=\"column\" data-e-type=\"column\">\n\t\t\t<div class=\"elementor-widget-wrap elementor-element-populated\">\n\t\t\t\t\t\t<div class=\"elementor-element elementor-element-9ae1736 elementor-widget elementor-widget-heading\" data-id=\"9ae1736\" data-element_type=\"widget\" data-e-type=\"widget\" data-widget_type=\"heading.default\">\n\t\t\t\t<div class=\"elementor-widget-container\">\n\t\t\t\t\t<h1 class=\"elementor-heading-title elementor-size-default\">Uredsko poslovanje<\/h1>\t\t\t\t<\/div>\n\t\t\t\t<\/div>\n\t\t\t\t\t<\/div>\n\t\t<\/div>\n\t\t\t\t\t<\/div>\n\t\t<\/section>\n\t\t\t\t<section class=\"elementor-section elementor-top-section elementor-element elementor-element-6194662 elementor-section-boxed elementor-section-height-default elementor-section-height-default\" data-id=\"6194662\" data-element_type=\"section\" data-e-type=\"section\">\n\t\t\t\t\t\t<div class=\"elementor-container elementor-column-gap-default\">\n\t\t\t\t\t<div class=\"elementor-column elementor-col-100 elementor-top-column elementor-element elementor-element-6507235\" data-id=\"6507235\" data-element_type=\"column\" data-e-type=\"column\">\n\t\t\t<div class=\"elementor-widget-wrap elementor-element-populated\">\n\t\t\t\t\t\t<div class=\"elementor-element elementor-element-ef0ea7d elementor-widget elementor-widget-text-editor\" data-id=\"ef0ea7d\" data-element_type=\"widget\" data-e-type=\"widget\" data-widget_type=\"text-editor.default\">\n\t\t\t\t<div class=\"elementor-widget-container\">\n\t\t\t\t\t\t\t\t\t<p>U nastavku se nalaze podaci o slu\u017ebenicima u Uredu pu\u010dke pravobraniteljice zadu\u017eenima za provedbu zakonskih zada\u0107a za\u0161tite dostojanstva slu\u017ebenika, pristupa informacijama, po\u0161tivanja eti\u010dkog kodeksa, pra\u0107enja prijava nepravilnosti te za\u0161tite osobnih podataka, kao i poveznica na iTransparentnost.<\/p>\t\t\t\t\t\t\t\t<\/div>\n\t\t\t\t<\/div>\n\t\t\t\t\t<\/div>\n\t\t<\/div>\n\t\t\t\t\t<\/div>\n\t\t<\/section>\n\t\t\t\t<section class=\"elementor-section elementor-top-section elementor-element elementor-element-7b940b0 elementor-section-boxed elementor-section-height-default elementor-section-height-default\" data-id=\"7b940b0\" data-element_type=\"section\" data-e-type=\"section\">\n\t\t\t\t\t\t<div class=\"elementor-container elementor-column-gap-default\">\n\t\t\t\t\t<div class=\"elementor-column elementor-col-100 elementor-top-column elementor-element elementor-element-fb12f81\" data-id=\"fb12f81\" data-element_type=\"column\" data-e-type=\"column\">\n\t\t\t<div class=\"elementor-widget-wrap elementor-element-populated\">\n\t\t\t\t\t\t<div class=\"elementor-element elementor-element-b9dc287 elementor-align-start elementor-icon-list--layout-traditional elementor-list-item-link-full_width elementor-widget elementor-widget-icon-list\" data-id=\"b9dc287\" data-element_type=\"widget\" data-e-type=\"widget\" data-widget_type=\"icon-list.default\">\n\t\t\t\t<div class=\"elementor-widget-container\">\n\t\t\t\t\t\t\t<ul class=\"elementor-icon-list-items\">\n\t\t\t\t\t\t\t<li class=\"elementor-icon-list-item\">\n\t\t\t\t\t\t\t\t\t\t\t<a href=\"https:\/\/www.ombudsman.hr\/hr\/sluzbenik-za-zastitu-osobnih-podataka\/\">\n\n\t\t\t\t\t\t\t\t\t\t\t\t<span class=\"elementor-icon-list-icon\">\n\t\t\t\t\t\t\t<i aria-hidden=\"true\" class=\"fas fa-minus\"><\/i>\t\t\t\t\t\t<\/span>\n\t\t\t\t\t\t\t\t\t\t<span class=\"elementor-icon-list-text\">Slu\u017ebenik za za\u0161titu osobnih podataka<\/span>\n\t\t\t\t\t\t\t\t\t\t\t<\/a>\n\t\t\t\t\t\t\t\t\t<\/li>\n\t\t\t\t\t\t\t\t<li class=\"elementor-icon-list-item\">\n\t\t\t\t\t\t\t\t\t\t\t<a href=\"https:\/\/www.ombudsman.hr\/hr\/eticki-kodeks-i-povjerenik-za-etiku\/\">\n\n\t\t\t\t\t\t\t\t\t\t\t\t<span class=\"elementor-icon-list-icon\">\n\t\t\t\t\t\t\t<i aria-hidden=\"true\" class=\"fas fa-minus\"><\/i>\t\t\t\t\t\t<\/span>\n\t\t\t\t\t\t\t\t\t\t<span class=\"elementor-icon-list-text\">Eti\u010dki kodeks i povjerenik za etiku<\/span>\n\t\t\t\t\t\t\t\t\t\t\t<\/a>\n\t\t\t\t\t\t\t\t\t<\/li>\n\t\t\t\t\t\t\t\t<li class=\"elementor-icon-list-item\">\n\t\t\t\t\t\t\t\t\t\t\t<a href=\"https:\/\/www.ombudsman.hr\/hr\/osoba-za-nepravilnosti-u-uredu-puckog-pravobranitelja\/\">\n\n\t\t\t\t\t\t\t\t\t\t\t\t<span class=\"elementor-icon-list-icon\">\n\t\t\t\t\t\t\t<i aria-hidden=\"true\" class=\"fas fa-minus\"><\/i>\t\t\t\t\t\t<\/span>\n\t\t\t\t\t\t\t\t\t\t<span class=\"elementor-icon-list-text\">Osoba za nepravilnosti u Uredu pu\u010dkog pravobranitelja<\/span>\n\t\t\t\t\t\t\t\t\t\t\t<\/a>\n\t\t\t\t\t\t\t\t\t<\/li>\n\t\t\t\t\t\t\t\t<li class=\"elementor-icon-list-item\">\n\t\t\t\t\t\t\t\t\t\t\t<a href=\"https:\/\/www.ombudsman.hr\/hr\/zastita-dostojanstva-drzavnih-sluzbenika-i-namjestenika\/\">\n\n\t\t\t\t\t\t\t\t\t\t\t\t<span class=\"elementor-icon-list-icon\">\n\t\t\t\t\t\t\t<i aria-hidden=\"true\" class=\"fas fa-minus\"><\/i>\t\t\t\t\t\t<\/span>\n\t\t\t\t\t\t\t\t\t\t<span class=\"elementor-icon-list-text\">Za\u0161tita dostojanstva dr\u017eavnih slu\u017ebenika i namje\u0161tenika<\/span>\n\t\t\t\t\t\t\t\t\t\t\t<\/a>\n\t\t\t\t\t\t\t\t\t<\/li>\n\t\t\t\t\t\t\t\t<li class=\"elementor-icon-list-item\">\n\t\t\t\t\t\t\t\t\t\t\t<a href=\"https:\/\/www.ombudsman.hr\/hr\/povjerljiva-osoba-i-zamjenik-povjerljive-osobe-u-uredu-pucke-pravobraniteljice\/\">\n\n\t\t\t\t\t\t\t\t\t\t\t\t<span class=\"elementor-icon-list-icon\">\n\t\t\t\t\t\t\t<i aria-hidden=\"true\" class=\"fas fa-minus\"><\/i>\t\t\t\t\t\t<\/span>\n\t\t\t\t\t\t\t\t\t\t<span class=\"elementor-icon-list-text\">Povjerljiva osoba i zamjenica povjerljive osobe<\/span>\n\t\t\t\t\t\t\t\t\t\t\t<\/a>\n\t\t\t\t\t\t\t\t\t<\/li>\n\t\t\t\t\t\t\t\t<li class=\"elementor-icon-list-item\">\n\t\t\t\t\t\t\t\t\t\t\t<a href=\"https:\/\/transparentno.puckipravobranitelj.otvorenigrad.hr\/isplate\/sc-isplate\">\n\n\t\t\t\t\t\t\t\t\t\t\t\t<span class=\"elementor-icon-list-icon\">\n\t\t\t\t\t\t\t<i aria-hidden=\"true\" class=\"fas fa-minus\"><\/i>\t\t\t\t\t\t<\/span>\n\t\t\t\t\t\t\t\t\t\t<span class=\"elementor-icon-list-text\">iTransparentnost<\/span>\n\t\t\t\t\t\t\t\t\t\t\t<\/a>\n\t\t\t\t\t\t\t\t\t<\/li>\n\t\t\t\t\t\t<\/ul>\n\t\t\t\t\t\t<\/div>\n\t\t\t\t<\/div>\n\t\t\t\t\t<\/div>\n\t\t<\/div>\n\t\t\t\t\t<\/div>\n\t\t<\/section>\n\t\t\t\t<\/div>\n\t\t","protected":false},"excerpt":{"rendered":"<p>Uredsko poslovanje U nastavku se nalaze podaci o slu\u017ebenicima u Uredu pu\u010dke pravobraniteljice zadu\u017eenima za provedbu zakonskih zada\u0107a za\u0161tite dostojanstva slu\u017ebenika, pristupa informacijama, po\u0161tivanja eti\u010dkog kodeksa, pra\u0107enja prijava nepravilnosti te za\u0161tite osobnih podataka, kao i poveznica na iTransparentnost. Slu\u017ebenik za za\u0161titu osobnih podataka Eti\u010dki kodeks i povjerenik za etiku Osoba za nepravilnosti u Uredu pu\u010dkog [&hellip;]<\/p>\n","protected":false},"author":2,"featured_media":0,"parent":0,"menu_order":0,"comment_status":"closed","ping_status":"closed","template":"","meta":{"footnotes":""},"tags":[],"class_list":["post-3653","page","type-page","status-publish","hentry"],"_links":{"self":[{"href":"https:\/\/www.ombudsman.hr\/hr\/wp-json\/wp\/v2\/pages\/3653","targetHints":{"allow":["GET"]}}],"collection":[{"href":"https:\/\/www.ombudsman.hr\/hr\/wp-json\/wp\/v2\/pages"}],"about":[{"href":"https:\/\/www.ombudsman.hr\/hr\/wp-json\/wp\/v2\/types\/page"}],"author":[{"embeddable":true,"href":"https:\/\/www.ombudsman.hr\/hr\/wp-json\/wp\/v2\/users\/2"}],"replies":[{"embeddable":true,"href":"https:\/\/www.ombudsman.hr\/hr\/wp-json\/wp\/v2\/comments?post=3653"}],"version-history":[{"count":68,"href":"https:\/\/www.ombudsman.hr\/hr\/wp-json\/wp\/v2\/pages\/3653\/revisions"}],"predecessor-version":[{"id":22366,"href":"https:\/\/www.ombudsman.hr\/hr\/wp-json\/wp\/v2\/pages\/3653\/revisions\/22366"}],"wp:attachment":[{"href":"https:\/\/www.ombudsman.hr\/hr\/wp-json\/wp\/v2\/media?parent=3653"}],"wp:term":[{"taxonomy":"post_tag","embeddable":true,"href":"https:\/\/www.ombudsman.hr\/hr\/wp-json\/wp\/v2\/tags?post=3653"}],"curies":[{"name":"wp","href":"https:\/\/api.w.org\/{rel}","templated":true}]}}

<div data-elementor-type="wp-page" data-elementor-id="3653" class="elementor elementor-3653" data-elementor-post-type="page">
						<section class="elementor-section elementor-top-section elementor-element elementor-element-b554d8d elementor-section-height-min-height elementor-section-boxed elementor-section-height-default elementor-section-items-middle" data-id="b554d8d" data-element_type="section" data-e-type="section" data-settings="{&quot;background_background&quot;:&quot;classic&quot;}">
						<div class="elementor-container elementor-column-gap-default">
					<div class="elementor-column elementor-col-100 elementor-top-column elementor-element elementor-element-9c5740a" data-id="9c5740a" data-element_type="column" data-e-type="column">
			<div class="elementor-widget-wrap elementor-element-populated">
						<div class="elementor-element elementor-element-9ae1736 elementor-widget elementor-widget-heading" data-id="9ae1736" data-element_type="widget" data-e-type="widget" data-widget_type="heading.default">
				<div class="elementor-widget-container">
					<h1 class="elementor-heading-title elementor-size-default">Uredsko poslovanje</h1>				</div>
				</div>
					</div>
		</div>
					</div>
		</section>
				<section class="elementor-section elementor-top-section elementor-element elementor-element-6194662 elementor-section-boxed elementor-section-height-default elementor-section-height-default" data-id="6194662" data-element_type="section" data-e-type="section">
						<div class="elementor-container elementor-column-gap-default">
					<div class="elementor-column elementor-col-100 elementor-top-column elementor-element elementor-element-6507235" data-id="6507235" data-element_type="column" data-e-type="column">
			<div class="elementor-widget-wrap elementor-element-populated">
						<div class="elementor-element elementor-element-ef0ea7d elementor-widget elementor-widget-text-editor" data-id="ef0ea7d" data-element_type="widget" data-e-type="widget" data-widget_type="text-editor.default">
				<div class="elementor-widget-container">
									<p>U nastavku se nalaze podaci o službenicima u Uredu pučke pravobraniteljice zaduženima za provedbu zakonskih zadaća zaštite dostojanstva službenika, pristupa informacijama, poštivanja etičkog kodeksa, praćenja prijava nepravilnosti te zaštite osobnih podataka, kao i poveznica na iTransparentnost.</p>								</div>
				</div>
					</div>
		</div>
					</div>
		</section>
				<section class="elementor-section elementor-top-section elementor-element elementor-element-7b940b0 elementor-section-boxed elementor-section-height-default elementor-section-height-default" data-id="7b940b0" data-element_type="section" data-e-type="section">
						<div class="elementor-container elementor-column-gap-default">
					<div class="elementor-column elementor-col-100 elementor-top-column elementor-element elementor-element-fb12f81" data-id="fb12f81" data-element_type="column" data-e-type="column">
			<div class="elementor-widget-wrap elementor-element-populated">
						<div class="elementor-element elementor-element-b9dc287 elementor-align-start elementor-icon-list--layout-traditional elementor-list-item-link-full_width elementor-widget elementor-widget-icon-list" data-id="b9dc287" data-element_type="widget" data-e-type="widget" data-widget_type="icon-list.default">
				<div class="elementor-widget-container">
							<ul class="elementor-icon-list-items">
							<li class="elementor-icon-list-item">
											<a href="https://www.ombudsman.hr/hr/sluzbenik-za-zastitu-osobnih-podataka/">

												<span class="elementor-icon-list-icon">
							<i aria-hidden="true" class="fas fa-minus"></i>						</span>
										<span class="elementor-icon-list-text">Službenik za zaštitu osobnih podataka</span>
											</a>
									</li>
								<li class="elementor-icon-list-item">
											<a href="https://www.ombudsman.hr/hr/eticki-kodeks-i-povjerenik-za-etiku/">

												<span class="elementor-icon-list-icon">
							<i aria-hidden="true" class="fas fa-minus"></i>						</span>
										<span class="elementor-icon-list-text">Etički kodeks i povjerenik za etiku</span>
											</a>
									</li>
								<li class="elementor-icon-list-item">
											<a href="https://www.ombudsman.hr/hr/osoba-za-nepravilnosti-u-uredu-puckog-pravobranitelja/">

												<span class="elementor-icon-list-icon">
							<i aria-hidden="true" class="fas fa-minus"></i>						</span>
										<span class="elementor-icon-list-text">Osoba za nepravilnosti u Uredu pučkog pravobranitelja</span>
											</a>
									</li>
								<li class="elementor-icon-list-item">
											<a href="https://www.ombudsman.hr/hr/zastita-dostojanstva-drzavnih-sluzbenika-i-namjestenika/">

												<span class="elementor-icon-list-icon">
							<i aria-hidden="true" class="fas fa-minus"></i>						</span>
										<span class="elementor-icon-list-text">Zaštita dostojanstva državnih službenika i namještenika</span>
											</a>
									</li>
								<li class="elementor-icon-list-item">
											<a href="https://www.ombudsman.hr/hr/povjerljiva-osoba-i-zamjenik-povjerljive-osobe-u-uredu-pucke-pravobraniteljice/">

												<span class="elementor-icon-list-icon">
							<i aria-hidden="true" class="fas fa-minus"></i>						</span>
										<span class="elementor-icon-list-text">Povjerljiva osoba i zamjenica povjerljive osobe</span>
											</a>
									</li>
								<li class="elementor-icon-list-item">
											<a href="https://transparentno.puckipravobranitelj.otvorenigrad.hr/isplate/sc-isplate">

												<span class="elementor-icon-list-icon">
							<i aria-hidden="true" class="fas fa-minus"></i>						</span>
										<span class="elementor-icon-list-text">iTransparentnost</span>
											</a>
									</li>
						</ul>
						</div>
				</div>
					</div>
		</div>
					</div>
		</section>
				</div>

<p>Uredsko poslovanje U nastavku se nalaze podaci o službenicima u Uredu pučke pravobraniteljice zaduženima za provedbu zakonskih zadaća zaštite dostojanstva službenika, pristupa informacijama, poštivanja etičkog kodeksa, praćenja prijava nepravilnosti te zaštite osobnih podataka, kao i poveznica na iTransparentnost. Službenik za zaštitu osobnih podataka Etički kodeks i povjerenik za etiku Osoba za nepravilnosti u Uredu pučkog [&hellip;]</p>
