{"id":8986,"date":"2020-09-30T14:20:03","date_gmt":"2020-09-30T12:20:03","guid":{"rendered":"https:\/\/www.ombudsman.hr\/hr\/?page_id=8986"},"modified":"2025-06-06T15:51:03","modified_gmt":"2025-06-06T13:51:03","slug":"izjava-o-pristupacnosti","status":"publish","type":"page","link":"https:\/\/www.ombudsman.hr\/en\/izjava-o-pristupacnosti\/","title":{"rendered":""},"content":{"rendered":"\t\t<div data-elementor-type=\"wp-page\" data-elementor-id=\"8986\" class=\"elementor elementor-8986\" data-elementor-post-type=\"page\">\n\t\t\t\t\t\t<section class=\"elementor-section elementor-top-section elementor-element elementor-element-3b7f0282 elementor-section-height-min-height elementor-section-boxed elementor-section-height-default elementor-section-items-middle\" data-id=\"3b7f0282\" data-element_type=\"section\" data-e-type=\"section\" data-settings=\"{&quot;background_background&quot;:&quot;classic&quot;}\">\n\t\t\t\t\t\t<div class=\"elementor-container elementor-column-gap-default\">\n\t\t\t\t\t<div class=\"elementor-column elementor-col-100 elementor-top-column elementor-element elementor-element-1ea19f8a\" data-id=\"1ea19f8a\" data-element_type=\"column\" data-e-type=\"column\">\n\t\t\t<div class=\"elementor-widget-wrap elementor-element-populated\">\n\t\t\t\t\t\t<div class=\"elementor-element elementor-element-32845a66 elementor-widget elementor-widget-heading\" data-id=\"32845a66\" data-element_type=\"widget\" data-e-type=\"widget\" data-widget_type=\"heading.default\">\n\t\t\t\t<div class=\"elementor-widget-container\">\n\t\t\t\t\t<h1 class=\"elementor-heading-title elementor-size-default\">Izjava o pristupa\u010dnosti <\/h1>\t\t\t\t<\/div>\n\t\t\t\t<\/div>\n\t\t\t\t\t<\/div>\n\t\t<\/div>\n\t\t\t\t\t<\/div>\n\t\t<\/section>\n\t\t\t\t<section class=\"elementor-section elementor-top-section elementor-element elementor-element-31a34fa7 elementor-section-boxed elementor-section-height-default elementor-section-height-default\" data-id=\"31a34fa7\" data-element_type=\"section\" data-e-type=\"section\">\n\t\t\t\t\t\t<div class=\"elementor-container elementor-column-gap-default\">\n\t\t\t\t\t<div class=\"elementor-column elementor-col-100 elementor-top-column elementor-element elementor-element-1241737f\" data-id=\"1241737f\" data-element_type=\"column\" data-e-type=\"column\">\n\t\t\t<div class=\"elementor-widget-wrap elementor-element-populated\">\n\t\t\t\t\t\t<div class=\"elementor-element elementor-element-7263270d elementor-widget elementor-widget-text-editor\" data-id=\"7263270d\" data-element_type=\"widget\" data-e-type=\"widget\" data-widget_type=\"text-editor.default\">\n\t\t\t\t<div class=\"elementor-widget-container\">\n\t\t\t\t\t\t\t\t\t<p>Pu\u010dki pravobranitelj nastoji svoje mre\u017ene stranice u\u010diniti pristupa\u010dnima u skladu sa&nbsp;<a href=\"http:\/\/sredisnjikatalogrh.gov.hr\/cadial\/searchdoc.php?action=search&amp;lang=hr&amp;query=pristupa%C4%8Dnost&amp;searchText=on&amp;searchTitle=on&amp;resultdetails=basic&amp;bid=%2bELrvTWXEzq35H83vcz6kg%3d%3d&amp;annotate=on\">Zakonom o pristupa\u010dnosti mre\u017enih stranica i programskih rje\u0161enja za pokretne ure\u0111aje tijela javnog sektora Republike Hrvatske<\/a>&nbsp;(\u201eNarodne novine\u201c, broj 17\/19) kojim se prenosi&nbsp;<a href=\"https:\/\/eur-lex.europa.eu\/legal-content\/HR\/AUTO\/?uri=OJ:L:2016:327:TOC\">Direktiva (EU)&nbsp;2016\/2102 Europskog parlamenta i Vije\u0107a od 26.&nbsp;listopada 2016. o pristupa\u010dnosti internetskih stranica i mobilnih aplikacija tijela javnog sektora<\/a>&nbsp;(SL&nbsp;L&nbsp;327, 2.12.2016.).<\/p>\n<p><br>Ova Izjava o pristupa\u010dnosti primjenjuje se na mre\u017enu stranicu Pu\u010dkog pravobranitelja koja se nalazi na adresi&nbsp;<a href=\"https:\/\/www.ombudsman.hr\/\">https:\/\/www.ombudsman.hr<\/a><\/p>\n<p><strong><br>Stupanj uskla\u0111enosti&nbsp;<br><\/strong><br>Ova mre\u017ena stranica djelomi\u010dno je uskla\u0111ena sa Zakonom o pristupa\u010dnosti mre\u017enih stranica i programskih rje\u0161enja za pokretne ure\u0111aje tijela javnog sektora i Direktivom (EU) 2016\/2102 Europskog parlamenta i Vije\u0107a zbog neuskla\u0111enosti navedenih u nastavku.<\/p>\n<p><strong><br>Nepristupa\u010dan sadr\u017eaj<br><br><\/strong><\/p>\n<p>Sadr\u017eaj naveden u nastavku nepristupa\u010dan je zbog sljede\u0107ih razloga:<br><br><\/p>\n<ul>\n<li>izbornici se otvaraju prelaskom mi\u0161a<\/li>\n<\/ul>\n<p><br>Uskla\u0111ivanje predstavlja nerazmjerno optere\u0107enje u smislu \u010dlanka 5. Direktive (EU) 2016\/2102.<br><br><\/p>\n<p>Pu\u010dki pravobranitelj nastavit \u0107e s uskla\u0111ivanjem cjelokupnog budu\u0107eg sadr\u017eaja objavljenog na svojim internetskim stranicama u najve\u0107oj mogu\u0107oj mjeri i u skladu s tehni\u010dkim i financijskim mogu\u0107nostima.<br><br><\/p>\n<p><strong>Priprema ove izjave o pristupa\u010dnosti<br><\/strong><br>Ova izjava sastavljena je 15. rujna 2020. godine, prema Predlo\u0161ku izjave o pristupa\u010dnosti u skladu s Direktivom (EU) 2016\/2102 Europskog parlamenta i Vije\u0107a o pristupa\u010dnosti internetskih stranica i mobilnih aplikacija tijela javnog sektora utvr\u0111enim&nbsp;<a href=\"https:\/\/eur-lex.europa.eu\/legal-content\/HR\/TXT\/HTML\/?uri=CELEX:32018D1523&amp;qid=1590482508144&amp;from=HR\">Provedbenom odlukom Komisije (EU) 2018\/1523<\/a>.<br><br>Procjena uskla\u0111enosti za pripremu izjave temelji se na metodi samoprocjene, a posljednja revizija obavljena je 23. rujna 2020.<br><br><\/p>\n<p><strong>Povratne informacije i podaci za kontakt<br><br><\/strong><\/p>\n<p>Ukoliko primijete neuskla\u0111en sadr\u017eaj, koji nije obuhva\u0107en ovom izjavom, molimo korisnike ovih internetskih stranica da o tome obavijeste Pu\u010dkog pravobranitelja. Sve upite vezane uz pristupa\u010dnost mre\u017enih stranica korisnici mogu uputiti putem elektroni\u010dke po\u0161te na&nbsp;<a href=\"mailto:info@ombudsman.hr\">info@ombudsman.hr<\/a>.<br><br><\/p>\n<p><strong>Postupak pra\u0107enja provedbe propisa<br><br><\/strong><\/p>\n<p>Povjerenik za informiranje Republike Hrvatske nadle\u017ean je za pra\u0107enje uskla\u0111enosti mre\u017enih stranica i programskih rje\u0161enja za pokretne ure\u0111aje tijela javnog sektora sa zahtjevima pristupa\u010dnosti, kao i za nadzor nad provedbom ovog zakona.<br><br><\/p>\n<p>Kontakt:<br><br><\/p>\n<p>Povjerenik za informiranje<br>Juri\u0161i\u0107eva 19, 10000 Zagreb<br>Tel\/Fax: 01 4609 041, 01 4609 096<br>E-mail:&nbsp;<a href=\"mailto:pristupacnost@pristupinfo.hr\">pristupacnost@pristupinfo.hr<\/a><br><a href=\"http:\/\/www.pristupinfo.hr\/\">www.pristupinfo.hr<\/a><\/p>\t\t\t\t\t\t\t\t<\/div>\n\t\t\t\t<\/div>\n\t\t\t\t\t<\/div>\n\t\t<\/div>\n\t\t\t\t\t<\/div>\n\t\t<\/section>\n\t\t\t\t<\/div>\n\t\t","protected":false},"excerpt":{"rendered":"","protected":false},"author":1,"featured_media":0,"parent":0,"menu_order":0,"comment_status":"closed","ping_status":"closed","template":"","meta":{"footnotes":""},"tags":[],"class_list":["post-8986","page","type-page","status-publish","hentry"],"_links":{"self":[{"href":"https:\/\/www.ombudsman.hr\/en\/wp-json\/wp\/v2\/pages\/8986","targetHints":{"allow":["GET"]}}],"collection":[{"href":"https:\/\/www.ombudsman.hr\/en\/wp-json\/wp\/v2\/pages"}],"about":[{"href":"https:\/\/www.ombudsman.hr\/en\/wp-json\/wp\/v2\/types\/page"}],"author":[{"embeddable":true,"href":"https:\/\/www.ombudsman.hr\/en\/wp-json\/wp\/v2\/users\/1"}],"replies":[{"embeddable":true,"href":"https:\/\/www.ombudsman.hr\/en\/wp-json\/wp\/v2\/comments?post=8986"}],"version-history":[{"count":23,"href":"https:\/\/www.ombudsman.hr\/en\/wp-json\/wp\/v2\/pages\/8986\/revisions"}],"predecessor-version":[{"id":20812,"href":"https:\/\/www.ombudsman.hr\/en\/wp-json\/wp\/v2\/pages\/8986\/revisions\/20812"}],"wp:attachment":[{"href":"https:\/\/www.ombudsman.hr\/en\/wp-json\/wp\/v2\/media?parent=8986"}],"wp:term":[{"taxonomy":"post_tag","embeddable":true,"href":"https:\/\/www.ombudsman.hr\/en\/wp-json\/wp\/v2\/tags?post=8986"}],"curies":[{"name":"wp","href":"https:\/\/api.w.org\/{rel}","templated":true}]}}

<div data-elementor-type="wp-page" data-elementor-id="8986" class="elementor elementor-8986" data-elementor-post-type="page">
						<section class="elementor-section elementor-top-section elementor-element elementor-element-3b7f0282 elementor-section-height-min-height elementor-section-boxed elementor-section-height-default elementor-section-items-middle" data-id="3b7f0282" data-element_type="section" data-e-type="section" data-settings="{&quot;background_background&quot;:&quot;classic&quot;}">
						<div class="elementor-container elementor-column-gap-default">
					<div class="elementor-column elementor-col-100 elementor-top-column elementor-element elementor-element-1ea19f8a" data-id="1ea19f8a" data-element_type="column" data-e-type="column">
			<div class="elementor-widget-wrap elementor-element-populated">
						<div class="elementor-element elementor-element-32845a66 elementor-widget elementor-widget-heading" data-id="32845a66" data-element_type="widget" data-e-type="widget" data-widget_type="heading.default">
				<div class="elementor-widget-container">
					<h1 class="elementor-heading-title elementor-size-default">Izjava o pristupačnosti </h1>				</div>
				</div>
					</div>
		</div>
					</div>
		</section>
				<section class="elementor-section elementor-top-section elementor-element elementor-element-31a34fa7 elementor-section-boxed elementor-section-height-default elementor-section-height-default" data-id="31a34fa7" data-element_type="section" data-e-type="section">
						<div class="elementor-container elementor-column-gap-default">
					<div class="elementor-column elementor-col-100 elementor-top-column elementor-element elementor-element-1241737f" data-id="1241737f" data-element_type="column" data-e-type="column">
			<div class="elementor-widget-wrap elementor-element-populated">
						<div class="elementor-element elementor-element-7263270d elementor-widget elementor-widget-text-editor" data-id="7263270d" data-element_type="widget" data-e-type="widget" data-widget_type="text-editor.default">
				<div class="elementor-widget-container">
									<p>Pučki pravobranitelj nastoji svoje mrežne stranice učiniti pristupačnima u skladu sa&nbsp;<a href="http://sredisnjikatalogrh.gov.hr/cadial/searchdoc.php?action=search&amp;lang=hr&amp;query=pristupa%C4%8Dnost&amp;searchText=on&amp;searchTitle=on&amp;resultdetails=basic&amp;bid=%2bELrvTWXEzq35H83vcz6kg%3d%3d&amp;annotate=on">Zakonom o pristupačnosti mrežnih stranica i programskih rješenja za pokretne uređaje tijela javnog sektora Republike Hrvatske</a>&nbsp;(„Narodne novine“, broj 17/19) kojim se prenosi&nbsp;<a href="https://eur-lex.europa.eu/legal-content/HR/AUTO/?uri=OJ:L:2016:327:TOC">Direktiva (EU)&nbsp;2016/2102 Europskog parlamenta i Vijeća od 26.&nbsp;listopada 2016. o pristupačnosti internetskih stranica i mobilnih aplikacija tijela javnog sektora</a>&nbsp;(SL&nbsp;L&nbsp;327, 2.12.2016.).</p>
<p><br>Ova Izjava o pristupačnosti primjenjuje se na mrežnu stranicu Pučkog pravobranitelja koja se nalazi na adresi&nbsp;<a href="https://www.ombudsman.hr/">https://www.ombudsman.hr</a></p>
<p><strong><br>Stupanj usklađenosti&nbsp;<br></strong><br>Ova mrežna stranica djelomično je usklađena sa Zakonom o pristupačnosti mrežnih stranica i programskih rješenja za pokretne uređaje tijela javnog sektora i Direktivom (EU) 2016/2102 Europskog parlamenta i Vijeća zbog neusklađenosti navedenih u nastavku.</p>
<p><strong><br>Nepristupačan sadržaj<br><br></strong></p>
<p>Sadržaj naveden u nastavku nepristupačan je zbog sljedećih razloga:<br><br></p>
<ul>
<li>izbornici se otvaraju prelaskom miša</li>
</ul>
<p><br>Usklađivanje predstavlja nerazmjerno opterećenje u smislu članka 5. Direktive (EU) 2016/2102.<br><br></p>
<p>Pučki pravobranitelj nastavit će s usklađivanjem cjelokupnog budućeg sadržaja objavljenog na svojim internetskim stranicama u najvećoj mogućoj mjeri i u skladu s tehničkim i financijskim mogućnostima.<br><br></p>
<p><strong>Priprema ove izjave o pristupačnosti<br></strong><br>Ova izjava sastavljena je 15. rujna 2020. godine, prema Predlošku izjave o pristupačnosti u skladu s Direktivom (EU) 2016/2102 Europskog parlamenta i Vijeća o pristupačnosti internetskih stranica i mobilnih aplikacija tijela javnog sektora utvrđenim&nbsp;<a href="https://eur-lex.europa.eu/legal-content/HR/TXT/HTML/?uri=CELEX:32018D1523&amp;qid=1590482508144&amp;from=HR">Provedbenom odlukom Komisije (EU) 2018/1523</a>.<br><br>Procjena usklađenosti za pripremu izjave temelji se na metodi samoprocjene, a posljednja revizija obavljena je 23. rujna 2020.<br><br></p>
<p><strong>Povratne informacije i podaci za kontakt<br><br></strong></p>
<p>Ukoliko primijete neusklađen sadržaj, koji nije obuhvaćen ovom izjavom, molimo korisnike ovih internetskih stranica da o tome obavijeste Pučkog pravobranitelja. Sve upite vezane uz pristupačnost mrežnih stranica korisnici mogu uputiti putem elektroničke pošte na&nbsp;<a href="mailto:info@ombudsman.hr">info@ombudsman.hr</a>.<br><br></p>
<p><strong>Postupak praćenja provedbe propisa<br><br></strong></p>
<p>Povjerenik za informiranje Republike Hrvatske nadležan je za praćenje usklađenosti mrežnih stranica i programskih rješenja za pokretne uređaje tijela javnog sektora sa zahtjevima pristupačnosti, kao i za nadzor nad provedbom ovog zakona.<br><br></p>
<p>Kontakt:<br><br></p>
<p>Povjerenik za informiranje<br>Jurišićeva 19, 10000 Zagreb<br>Tel/Fax: 01 4609 041, 01 4609 096<br>E-mail:&nbsp;<a href="mailto:pristupacnost@pristupinfo.hr">pristupacnost@pristupinfo.hr</a><br><a href="http://www.pristupinfo.hr/">www.pristupinfo.hr</a></p>								</div>
				</div>
					</div>
		</div>
					</div>
		</section>
				</div>
